{"id":2085,"date":"2024-08-30T14:46:51","date_gmt":"2024-08-30T19:46:51","guid":{"rendered":"https:\/\/proaudio.ec\/staging\/4693\/?page_id=2085"},"modified":"2025-03-14T15:16:58","modified_gmt":"2025-03-14T20:16:58","slug":"implante-coclear","status":"publish","type":"page","link":"https:\/\/proaudio.ec\/index.php\/implante-coclear\/","title":{"rendered":"Implante Coclear"},"content":{"rendered":"\t\t<div data-elementor-type=\"wp-page\" data-elementor-id=\"2085\" class=\"elementor elementor-2085\" data-elementor-post-type=\"page\">\n\t\t\t\t<div class=\"elementor-element elementor-element-77af997d e-grid e-con-boxed e-con e-parent\" data-id=\"77af997d\" data-element_type=\"container\" data-e-type=\"container\" data-settings=\"{&quot;background_background&quot;:&quot;classic&quot;}\">\n\t\t\t\t\t<div class=\"e-con-inner\">\n\t\t<div class=\"elementor-element elementor-element-3f72a630 e-grid e-con-full e-con e-child\" data-id=\"3f72a630\" data-element_type=\"container\" data-e-type=\"container\" data-settings=\"{&quot;background_background&quot;:&quot;classic&quot;}\">\n\t\t\t\t<div class=\"elementor-element elementor-element-4c0d13da elementor-widget elementor-widget-spacer\" data-id=\"4c0d13da\" data-element_type=\"widget\" data-e-type=\"widget\" data-widget_type=\"spacer.default\">\n\t\t\t\t<div class=\"elementor-widget-container\">\n\t\t\t\t\t\t\t<div class=\"elementor-spacer\">\n\t\t\t<div class=\"elementor-spacer-inner\"><\/div>\n\t\t<\/div>\n\t\t\t\t\t\t<\/div>\n\t\t\t\t<\/div>\n\t\t\t\t<div class=\"elementor-element elementor-element-6f82fcd elementor-widget elementor-widget-heading\" data-id=\"6f82fcd\" data-element_type=\"widget\" data-e-type=\"widget\" data-widget_type=\"heading.default\">\n\t\t\t\t<div class=\"elementor-widget-container\">\n\t\t\t\t\t<h2 class=\"elementor-heading-title elementor-size-default\">IMPLANTE COCLEAR<\/h2>\t\t\t\t<\/div>\n\t\t\t\t<\/div>\n\t\t\t\t<div class=\"elementor-element elementor-element-50a18070 elementor-widget elementor-widget-spacer\" data-id=\"50a18070\" data-element_type=\"widget\" data-e-type=\"widget\" data-widget_type=\"spacer.default\">\n\t\t\t\t<div class=\"elementor-widget-container\">\n\t\t\t\t\t\t\t<div class=\"elementor-spacer\">\n\t\t\t<div class=\"elementor-spacer-inner\"><\/div>\n\t\t<\/div>\n\t\t\t\t\t\t<\/div>\n\t\t\t\t<\/div>\n\t\t\t\t<\/div>\n\t\t\t\t\t<\/div>\n\t\t\t\t<\/div>\n\t\t<div class=\"elementor-element elementor-element-201dfe9 e-flex e-con-boxed e-con e-parent\" data-id=\"201dfe9\" data-element_type=\"container\" data-e-type=\"container\">\n\t\t\t\t\t<div class=\"e-con-inner\">\n\t\t\t\t<div class=\"elementor-element elementor-element-786f540 elementor-widget elementor-widget-image\" data-id=\"786f540\" data-element_type=\"widget\" data-e-type=\"widget\" data-widget_type=\"image.default\">\n\t\t\t\t<div class=\"elementor-widget-container\">\n\t\t\t\t\t\t\t\t\t\t\t\t\t\t\t<img decoding=\"async\" width=\"196\" height=\"164\" src=\"https:\/\/proaudio.ec\/wp-content\/uploads\/2024\/09\/cochlear_logo.png\" class=\"attachment-large size-large wp-image-2430\" alt=\"\" \/>\t\t\t\t\t\t\t\t\t\t\t\t\t\t\t<\/div>\n\t\t\t\t<\/div>\n\t\t\t\t\t<\/div>\n\t\t\t\t<\/div>\n\t\t<div class=\"elementor-element elementor-element-da238a8 e-flex e-con-boxed e-con e-parent\" data-id=\"da238a8\" data-element_type=\"container\" data-e-type=\"container\">\n\t\t\t\t\t<div class=\"e-con-inner\">\n\t\t\t\t<div class=\"elementor-element elementor-element-82c2ba7 elementor-widget elementor-widget-text-editor\" data-id=\"82c2ba7\" data-element_type=\"widget\" data-e-type=\"widget\" data-widget_type=\"text-editor.default\">\n\t\t\t\t<div class=\"elementor-widget-container\">\n\t\t\t\t\t\t\t\t\t<p>Si usted o un ser querido vive con hipoacusia y el uso de aud\u00edfonos no le ofrece resultados suficientes, un implante coclear puede ayudar.<\/p>\t\t\t\t\t\t\t\t<\/div>\n\t\t\t\t<\/div>\n\t\t\t\t\t<\/div>\n\t\t\t\t<\/div>\n\t\t<div class=\"elementor-element elementor-element-e971d6d e-flex e-con-boxed e-con e-parent\" data-id=\"e971d6d\" data-element_type=\"container\" data-e-type=\"container\">\n\t\t\t\t\t<div class=\"e-con-inner\">\n\t\t\t\t<div class=\"elementor-element elementor-element-06d3b82 elementor-widget elementor-widget-heading\" data-id=\"06d3b82\" data-element_type=\"widget\" data-e-type=\"widget\" data-widget_type=\"heading.default\">\n\t\t\t\t<div class=\"elementor-widget-container\">\n\t\t\t\t\t<h2 class=\"elementor-heading-title elementor-size-default\"><h4 data-elementor-setting-key=\"title\" data-pen-placeholder=\"Teclea aqu\u00ed...\" style=\"font-size: 20px;font-style: normal;text-transform: none\">Espranza m\u00e1s all\u00e1 de los aud\u00edfonos<span style=\"color: var( --e-global-color-primary );font-size: 32px;font-style: inherit;text-transform: uppercase;text-align: var(--text-align);background-color: var(--ast-global-color-5)\"><\/span><\/h4><\/h2>\t\t\t\t<\/div>\n\t\t\t\t<\/div>\n\t\t\t\t<div class=\"elementor-element elementor-element-ab651e1 elementor-widget elementor-widget-text-editor\" data-id=\"ab651e1\" data-element_type=\"widget\" data-e-type=\"widget\" data-widget_type=\"text-editor.default\">\n\t\t\t\t<div class=\"elementor-widget-container\">\n\t\t\t\t\t\t\t\t\t<p style=\"--uk-inverse: initial; margin-bottom: 20px; color: #6c6d74; font-family: Montserrat; font-size: 20px; font-style: normal; font-weight: 400; text-align: justify;\">Los aud\u00edfonos mayormente hacen que el sonido sea m\u00e1s fuerte. Los implantes cocleares son diferentes; eluden la parte da\u00f1ada del o\u00eddo y estimulan el nervio auditivo de manera directa.<\/p><p style=\"--uk-inverse: initial; margin-top: 20px; margin-bottom: 20px; color: #6c6d74; font-family: Montserrat; font-size: 20px; font-style: normal; font-weight: 400; text-align: justify;\">Esto mejora la claridad de los sonidos y su capacidad para comprender el habla. Asimismo, puede ayudarlo a recuperar su confianza en situaciones sociales, volver a conectarse con sus amigos y familiares y llevar adelante una vida m\u00e1s plena.<\/p><p style=\"--uk-inverse: initial; margin-top: 20px; margin-bottom: 0px; color: #6c6d74; font-family: Montserrat; font-size: 20px; font-style: normal; font-weight: 400; text-align: justify;\">En un estudio reciente, las personas con implantes cocleares pudieron entender las frases ocho veces mejor de lo que pod\u00edan entenderlas antes con sus aud\u00edfonos.<\/p>\t\t\t\t\t\t\t\t<\/div>\n\t\t\t\t<\/div>\n\t\t\t\t<div class=\"elementor-element elementor-element-9731b8b elementor-widget elementor-widget-heading\" data-id=\"9731b8b\" data-element_type=\"widget\" data-e-type=\"widget\" data-widget_type=\"heading.default\">\n\t\t\t\t<div class=\"elementor-widget-container\">\n\t\t\t\t\t<h2 class=\"elementor-heading-title elementor-size-default\"><h4 data-elementor-setting-key=\"title\" data-pen-placeholder=\"Teclea aqu\u00ed...\" style=\"font-size: 20px;font-style: normal;text-transform: none\">Una buena capacidad auditiva abre un mundo de posibilidades para los ni\u00f1os y sus familias<span style=\"color: var( --e-global-color-primary );font-size: 32px;font-style: inherit;text-transform: uppercase;text-align: var(--text-align);background-color: var(--ast-global-color-5)\"><\/span><\/h4><\/h2>\t\t\t\t<\/div>\n\t\t\t\t<\/div>\n\t\t\t\t<div class=\"elementor-element elementor-element-3d85c9a elementor-widget elementor-widget-text-editor\" data-id=\"3d85c9a\" data-element_type=\"widget\" data-e-type=\"widget\" data-widget_type=\"text-editor.default\">\n\t\t\t\t<div class=\"elementor-widget-container\">\n\t\t\t\t\t\t\t\t\t<p><span style=\"color: #6c6d74; font-family: Montserrat; font-size: 20px; text-align: justify;\">A los ni\u00f1os con hipoacusia grave a profunda, la colocaci\u00f3n temprana de un implante coclear (antes de los 2 a\u00f1os) puede brindarles una capacidad auditiva suficiente para ayudarlos a desarrollar las habilidades del habla y el lenguaje.<\/span><\/p>\t\t\t\t\t\t\t\t<\/div>\n\t\t\t\t<\/div>\n\t\t\t\t\t<\/div>\n\t\t\t\t<\/div>\n\t\t<div class=\"elementor-element elementor-element-008ce34 e-flex e-con-boxed e-con e-parent\" data-id=\"008ce34\" data-element_type=\"container\" data-e-type=\"container\">\n\t\t\t\t\t<div class=\"e-con-inner\">\n\t\t<div class=\"elementor-element elementor-element-0ccbf10 e-con-full e-flex e-con e-child\" data-id=\"0ccbf10\" data-element_type=\"container\" data-e-type=\"container\">\n\t\t\t\t<div class=\"elementor-element elementor-element-f15e824 elementor-widget elementor-widget-heading\" data-id=\"f15e824\" data-element_type=\"widget\" data-e-type=\"widget\" data-widget_type=\"heading.default\">\n\t\t\t\t<div class=\"elementor-widget-container\">\n\t\t\t\t\t<h4 class=\"elementor-heading-title elementor-size-default\">PROCESADOR DE SONIDO NUCLEUS\u00ae 7<\/h4>\t\t\t\t<\/div>\n\t\t\t\t<\/div>\n\t\t\t\t<div class=\"elementor-element elementor-element-15664cf elementor-widget elementor-widget-text-editor\" data-id=\"15664cf\" data-element_type=\"widget\" data-e-type=\"widget\" data-widget_type=\"text-editor.default\">\n\t\t\t\t<div class=\"elementor-widget-container\">\n\t\t\t\t\t\t\t\t\t<p>El Nucleus 7 fue el primer procesador de sonido para implante coclear del mundo en ofrecer transmisi\u00f3n directa a dispositivos Apple y Android compatibles. Esta soluci\u00f3n auditiva retroauricular, que es la m\u00e1s peque\u00f1a y ligera, combina confort con tecnolog\u00eda auditiva de rendimiento comprobado para ayudarle a tener la mejor audici\u00f3n posible.<\/p>\t\t\t\t\t\t\t\t<\/div>\n\t\t\t\t<\/div>\n\t\t\t\t<\/div>\n\t\t<div class=\"elementor-element elementor-element-90c563f e-grid e-con-full e-con e-child\" data-id=\"90c563f\" data-element_type=\"container\" data-e-type=\"container\">\n\t\t\t\t<div class=\"elementor-element elementor-element-802360d elementor-widget elementor-widget-image\" data-id=\"802360d\" data-element_type=\"widget\" data-e-type=\"widget\" data-widget_type=\"image.default\">\n\t\t\t\t<div class=\"elementor-widget-container\">\n\t\t\t\t\t\t\t\t\t\t\t\t\t\t\t<img fetchpriority=\"high\" decoding=\"async\" width=\"709\" height=\"709\" src=\"https:\/\/proaudio.ec\/wp-content\/uploads\/2021\/04\/Foto-general-2.jpg\" class=\"attachment-large size-large wp-image-1010\" alt=\"\" srcset=\"https:\/\/proaudio.ec\/wp-content\/uploads\/2021\/04\/Foto-general-2.jpg 709w, https:\/\/proaudio.ec\/wp-content\/uploads\/2021\/04\/Foto-general-2-300x300.jpg 300w, https:\/\/proaudio.ec\/wp-content\/uploads\/2021\/04\/Foto-general-2-150x150.jpg 150w\" sizes=\"(max-width: 709px) 100vw, 709px\" \/>\t\t\t\t\t\t\t\t\t\t\t\t\t\t\t<\/div>\n\t\t\t\t<\/div>\n\t\t\t\t<\/div>\n\t\t\t\t\t<\/div>\n\t\t\t\t<\/div>\n\t\t<div class=\"elementor-element elementor-element-e1ec7b9 e-flex e-con-boxed e-con e-parent\" data-id=\"e1ec7b9\" data-element_type=\"container\" data-e-type=\"container\">\n\t\t\t\t\t<div class=\"e-con-inner\">\n\t\t<div class=\"elementor-element elementor-element-1f07374 e-con-full e-flex e-con e-child\" data-id=\"1f07374\" data-element_type=\"container\" data-e-type=\"container\">\n\t\t\t\t<div class=\"elementor-element elementor-element-10905bd elementor-widget elementor-widget-heading\" data-id=\"10905bd\" data-element_type=\"widget\" data-e-type=\"widget\" data-widget_type=\"heading.default\">\n\t\t\t\t<div class=\"elementor-widget-container\">\n\t\t\t\t\t<h4 class=\"elementor-heading-title elementor-size-default\">PROCESADOR DE SONIDO NUCLEUS\u00ae KANSO\u00ae 2<\/h4>\t\t\t\t<\/div>\n\t\t\t\t<\/div>\n\t\t\t\t<div class=\"elementor-element elementor-element-2e8cca4 elementor-widget elementor-widget-text-editor\" data-id=\"2e8cca4\" data-element_type=\"widget\" data-e-type=\"widget\" data-widget_type=\"text-editor.default\">\n\t\t\t\t<div class=\"elementor-widget-container\">\n\t\t\t\t\t\t\t\t\t<p>Creado a partir del galardonado dise\u00f1o todo en uno del procesador de sonido Kanso, el Kanso 2 presenta transmisi\u00f3n directa y uso de la aplicaci\u00f3n Nucleus Smart desde tel\u00e9fonos inteligentes compatibles, una pila recargable integrada y resistencia al polvo y al agua mejorada para disfrutar de una mayor tranquilidad.<\/p>\t\t\t\t\t\t\t\t<\/div>\n\t\t\t\t<\/div>\n\t\t\t\t<\/div>\n\t\t<div class=\"elementor-element elementor-element-0076387 e-grid e-con-full e-con e-child\" data-id=\"0076387\" data-element_type=\"container\" data-e-type=\"container\">\n\t\t\t\t<div class=\"elementor-element elementor-element-8094a55 elementor-widget elementor-widget-image\" data-id=\"8094a55\" data-element_type=\"widget\" data-e-type=\"widget\" data-widget_type=\"image.default\">\n\t\t\t\t<div class=\"elementor-widget-container\">\n\t\t\t\t\t\t\t\t\t\t\t\t\t\t\t<img decoding=\"async\" width=\"709\" height=\"709\" src=\"https:\/\/proaudio.ec\/wp-content\/uploads\/2022\/02\/Foto-general-1.jpg\" class=\"attachment-large size-large wp-image-1351\" alt=\"\" srcset=\"https:\/\/proaudio.ec\/wp-content\/uploads\/2022\/02\/Foto-general-1.jpg 709w, https:\/\/proaudio.ec\/wp-content\/uploads\/2022\/02\/Foto-general-1-300x300.jpg 300w, https:\/\/proaudio.ec\/wp-content\/uploads\/2022\/02\/Foto-general-1-150x150.jpg 150w\" sizes=\"(max-width: 709px) 100vw, 709px\" \/>\t\t\t\t\t\t\t\t\t\t\t\t\t\t\t<\/div>\n\t\t\t\t<\/div>\n\t\t\t\t<\/div>\n\t\t\t\t\t<\/div>\n\t\t\t\t<\/div>\n\t\t\t\t<\/div>\n\t\t","protected":false},"excerpt":{"rendered":"<p>IMPLANTE COCLEAR Si usted o un ser querido vive con hipoacusia y el uso de aud\u00edfonos no le ofrece resultados [&hellip;]<\/p>\n","protected":false},"author":3,"featured_media":0,"parent":0,"menu_order":0,"comment_status":"closed","ping_status":"closed","template":"","meta":{"_uf_show_specific_survey":0,"_uf_disable_surveys":false,"site-sidebar-layout":"no-sidebar","site-content-layout":"","ast-site-content-layout":"full-width-container","site-content-style":"default","site-sidebar-style":"default","ast-global-header-display":"","ast-banner-title-visibility":"","ast-main-header-display":"","ast-hfb-above-header-display":"","ast-hfb-below-header-display":"","ast-hfb-mobile-header-display":"","site-post-title":"disabled","ast-breadcrumbs-content":"","ast-featured-img":"disabled","footer-sml-layout":"","ast-disable-related-posts":"","theme-transparent-header-meta":"","adv-header-id-meta":"","stick-header-meta":"","header-above-stick-meta":"","header-main-stick-meta":"","header-below-stick-meta":"","astra-migrate-meta-layouts":"default","ast-page-background-enabled":"default","ast-page-background-meta":{"desktop":{"background-color":"var(--ast-global-color-4)","background-image":"","background-repeat":"repeat","background-position":"center center","background-size":"auto","background-attachment":"scroll","background-type":"","background-media":"","overlay-type":"","overlay-color":"","overlay-opacity":"","overlay-gradient":""},"tablet":{"background-color":"","background-image":"","background-repeat":"repeat","background-position":"center center","background-size":"auto","background-attachment":"scroll","background-type":"","background-media":"","overlay-type":"","overlay-color":"","overlay-opacity":"","overlay-gradient":""},"mobile":{"background-color":"","background-image":"","background-repeat":"repeat","background-position":"center center","background-size":"auto","background-attachment":"scroll","background-type":"","background-media":"","overlay-type":"","overlay-color":"","overlay-opacity":"","overlay-gradient":""}},"ast-content-background-meta":{"desktop":{"background-color":"var(--ast-global-color-5)","background-image":"","background-repeat":"repeat","background-position":"center center","background-size":"auto","background-attachment":"scroll","background-type":"","background-media":"","overlay-type":"","overlay-color":"","overlay-opacity":"","overlay-gradient":""},"tablet":{"background-color":"var(--ast-global-color-5)","background-image":"","background-repeat":"repeat","background-position":"center center","background-size":"auto","background-attachment":"scroll","background-type":"","background-media":"","overlay-type":"","overlay-color":"","overlay-opacity":"","overlay-gradient":""},"mobile":{"background-color":"var(--ast-global-color-5)","background-image":"","background-repeat":"repeat","background-position":"center center","background-size":"auto","background-attachment":"scroll","background-type":"","background-media":"","overlay-type":"","overlay-color":"","overlay-opacity":"","overlay-gradient":""}},"footnotes":""},"class_list":["post-2085","page","type-page","status-publish","hentry"],"yoast_head":"<!-- This site is optimized with the Yoast SEO Premium plugin v26.0 (Yoast SEO v27.5) - https:\/\/yoast.com\/product\/yoast-seo-premium-wordpress\/ -->\n<title>Implante Coclear - Proaudio<\/title>\n<meta name=\"robots\" content=\"index, follow, max-snippet:-1, max-image-preview:large, max-video-preview:-1\" \/>\n<link rel=\"canonical\" href=\"https:\/\/proaudio.ec\/index.php\/implante-coclear\/\" \/>\n<meta property=\"og:locale\" content=\"es_ES\" \/>\n<meta property=\"og:type\" content=\"article\" \/>\n<meta property=\"og:title\" content=\"Implante Coclear\" \/>\n<meta property=\"og:description\" content=\"IMPLANTE COCLEAR Si usted o un ser querido vive con hipoacusia y el uso de aud\u00edfonos no le ofrece resultados [&hellip;]\" \/>\n<meta property=\"og:url\" content=\"https:\/\/proaudio.ec\/index.php\/implante-coclear\/\" \/>\n<meta property=\"og:site_name\" content=\"Proaudio\" \/>\n<meta property=\"article:publisher\" content=\"https:\/\/www.facebook.com\/proaudioecuador\" \/>\n<meta property=\"article:modified_time\" content=\"2025-03-14T20:16:58+00:00\" \/>\n<meta property=\"og:image\" content=\"https:\/\/proaudio.ec\/wp-content\/uploads\/2024\/09\/cochlear_logo.png\" \/>\n\t<meta property=\"og:image:width\" content=\"196\" \/>\n\t<meta property=\"og:image:height\" content=\"164\" \/>\n\t<meta property=\"og:image:type\" content=\"image\/png\" \/>\n<meta name=\"twitter:card\" content=\"summary_large_image\" \/>\n<meta name=\"twitter:label1\" content=\"Tiempo de lectura\" \/>\n\t<meta name=\"twitter:data1\" content=\"2 minutos\" \/>\n<script type=\"application\/ld+json\" class=\"yoast-schema-graph\">{\"@context\":\"https:\\\/\\\/schema.org\",\"@graph\":[{\"@type\":\"WebPage\",\"@id\":\"https:\\\/\\\/proaudio.ec\\\/index.php\\\/implante-coclear\\\/\",\"url\":\"https:\\\/\\\/proaudio.ec\\\/index.php\\\/implante-coclear\\\/\",\"name\":\"Implante Coclear - Proaudio\",\"isPartOf\":{\"@id\":\"https:\\\/\\\/proaudio.ec\\\/#website\"},\"primaryImageOfPage\":{\"@id\":\"https:\\\/\\\/proaudio.ec\\\/index.php\\\/implante-coclear\\\/#primaryimage\"},\"image\":{\"@id\":\"https:\\\/\\\/proaudio.ec\\\/index.php\\\/implante-coclear\\\/#primaryimage\"},\"thumbnailUrl\":\"https:\\\/\\\/proaudio.ec\\\/wp-content\\\/uploads\\\/2024\\\/09\\\/cochlear_logo.png\",\"datePublished\":\"2024-08-30T19:46:51+00:00\",\"dateModified\":\"2025-03-14T20:16:58+00:00\",\"breadcrumb\":{\"@id\":\"https:\\\/\\\/proaudio.ec\\\/index.php\\\/implante-coclear\\\/#breadcrumb\"},\"inLanguage\":\"es\",\"potentialAction\":[{\"@type\":\"ReadAction\",\"target\":[\"https:\\\/\\\/proaudio.ec\\\/index.php\\\/implante-coclear\\\/\"]}]},{\"@type\":\"ImageObject\",\"inLanguage\":\"es\",\"@id\":\"https:\\\/\\\/proaudio.ec\\\/index.php\\\/implante-coclear\\\/#primaryimage\",\"url\":\"https:\\\/\\\/proaudio.ec\\\/wp-content\\\/uploads\\\/2024\\\/09\\\/cochlear_logo.png\",\"contentUrl\":\"https:\\\/\\\/proaudio.ec\\\/wp-content\\\/uploads\\\/2024\\\/09\\\/cochlear_logo.png\",\"width\":196,\"height\":164},{\"@type\":\"BreadcrumbList\",\"@id\":\"https:\\\/\\\/proaudio.ec\\\/index.php\\\/implante-coclear\\\/#breadcrumb\",\"itemListElement\":[{\"@type\":\"ListItem\",\"position\":1,\"name\":\"Portada\",\"item\":\"https:\\\/\\\/proaudio.ec\\\/\"},{\"@type\":\"ListItem\",\"position\":2,\"name\":\"Implante Coclear\"}]},{\"@type\":\"WebSite\",\"@id\":\"https:\\\/\\\/proaudio.ec\\\/#website\",\"url\":\"https:\\\/\\\/proaudio.ec\\\/\",\"name\":\"Proaudio\",\"description\":\"Instituto Integral de Audici\u00f3n y Lenguaje\",\"publisher\":{\"@id\":\"https:\\\/\\\/proaudio.ec\\\/#organization\"},\"potentialAction\":[{\"@type\":\"SearchAction\",\"target\":{\"@type\":\"EntryPoint\",\"urlTemplate\":\"https:\\\/\\\/proaudio.ec\\\/?s={search_term_string}\"},\"query-input\":{\"@type\":\"PropertyValueSpecification\",\"valueRequired\":true,\"valueName\":\"search_term_string\"}}],\"inLanguage\":\"es\"},{\"@type\":\"Organization\",\"@id\":\"https:\\\/\\\/proaudio.ec\\\/#organization\",\"name\":\"Proaudio\",\"url\":\"https:\\\/\\\/proaudio.ec\\\/\",\"logo\":{\"@type\":\"ImageObject\",\"inLanguage\":\"es\",\"@id\":\"https:\\\/\\\/proaudio.ec\\\/#\\\/schema\\\/logo\\\/image\\\/\",\"url\":\"https:\\\/\\\/proaudio.ec\\\/wp-content\\\/uploads\\\/2024\\\/01\\\/logo.jpg\",\"contentUrl\":\"https:\\\/\\\/proaudio.ec\\\/wp-content\\\/uploads\\\/2024\\\/01\\\/logo.jpg\",\"width\":343,\"height\":60,\"caption\":\"Proaudio\"},\"image\":{\"@id\":\"https:\\\/\\\/proaudio.ec\\\/#\\\/schema\\\/logo\\\/image\\\/\"},\"sameAs\":[\"https:\\\/\\\/www.facebook.com\\\/proaudioecuador\",\"https:\\\/\\\/www.instagram.com\\\/proaudioecuador\"],\"telephone\":\"0964033033\"}]}<\/script>\n<!-- \/ Yoast SEO Premium plugin. -->","yoast_head_json":{"title":"Implante Coclear - Proaudio","robots":{"index":"index","follow":"follow","max-snippet":"max-snippet:-1","max-image-preview":"max-image-preview:large","max-video-preview":"max-video-preview:-1"},"canonical":"https:\/\/proaudio.ec\/index.php\/implante-coclear\/","og_locale":"es_ES","og_type":"article","og_title":"Implante Coclear","og_description":"IMPLANTE COCLEAR Si usted o un ser querido vive con hipoacusia y el uso de aud\u00edfonos no le ofrece resultados [&hellip;]","og_url":"https:\/\/proaudio.ec\/index.php\/implante-coclear\/","og_site_name":"Proaudio","article_publisher":"https:\/\/www.facebook.com\/proaudioecuador","article_modified_time":"2025-03-14T20:16:58+00:00","og_image":[{"width":196,"height":164,"url":"https:\/\/proaudio.ec\/wp-content\/uploads\/2024\/09\/cochlear_logo.png","type":"image\/png"}],"twitter_card":"summary_large_image","twitter_misc":{"Tiempo de lectura":"2 minutos"},"schema":{"@context":"https:\/\/schema.org","@graph":[{"@type":"WebPage","@id":"https:\/\/proaudio.ec\/index.php\/implante-coclear\/","url":"https:\/\/proaudio.ec\/index.php\/implante-coclear\/","name":"Implante Coclear - Proaudio","isPartOf":{"@id":"https:\/\/proaudio.ec\/#website"},"primaryImageOfPage":{"@id":"https:\/\/proaudio.ec\/index.php\/implante-coclear\/#primaryimage"},"image":{"@id":"https:\/\/proaudio.ec\/index.php\/implante-coclear\/#primaryimage"},"thumbnailUrl":"https:\/\/proaudio.ec\/wp-content\/uploads\/2024\/09\/cochlear_logo.png","datePublished":"2024-08-30T19:46:51+00:00","dateModified":"2025-03-14T20:16:58+00:00","breadcrumb":{"@id":"https:\/\/proaudio.ec\/index.php\/implante-coclear\/#breadcrumb"},"inLanguage":"es","potentialAction":[{"@type":"ReadAction","target":["https:\/\/proaudio.ec\/index.php\/implante-coclear\/"]}]},{"@type":"ImageObject","inLanguage":"es","@id":"https:\/\/proaudio.ec\/index.php\/implante-coclear\/#primaryimage","url":"https:\/\/proaudio.ec\/wp-content\/uploads\/2024\/09\/cochlear_logo.png","contentUrl":"https:\/\/proaudio.ec\/wp-content\/uploads\/2024\/09\/cochlear_logo.png","width":196,"height":164},{"@type":"BreadcrumbList","@id":"https:\/\/proaudio.ec\/index.php\/implante-coclear\/#breadcrumb","itemListElement":[{"@type":"ListItem","position":1,"name":"Portada","item":"https:\/\/proaudio.ec\/"},{"@type":"ListItem","position":2,"name":"Implante Coclear"}]},{"@type":"WebSite","@id":"https:\/\/proaudio.ec\/#website","url":"https:\/\/proaudio.ec\/","name":"Proaudio","description":"Instituto Integral de Audici\u00f3n y Lenguaje","publisher":{"@id":"https:\/\/proaudio.ec\/#organization"},"potentialAction":[{"@type":"SearchAction","target":{"@type":"EntryPoint","urlTemplate":"https:\/\/proaudio.ec\/?s={search_term_string}"},"query-input":{"@type":"PropertyValueSpecification","valueRequired":true,"valueName":"search_term_string"}}],"inLanguage":"es"},{"@type":"Organization","@id":"https:\/\/proaudio.ec\/#organization","name":"Proaudio","url":"https:\/\/proaudio.ec\/","logo":{"@type":"ImageObject","inLanguage":"es","@id":"https:\/\/proaudio.ec\/#\/schema\/logo\/image\/","url":"https:\/\/proaudio.ec\/wp-content\/uploads\/2024\/01\/logo.jpg","contentUrl":"https:\/\/proaudio.ec\/wp-content\/uploads\/2024\/01\/logo.jpg","width":343,"height":60,"caption":"Proaudio"},"image":{"@id":"https:\/\/proaudio.ec\/#\/schema\/logo\/image\/"},"sameAs":["https:\/\/www.facebook.com\/proaudioecuador","https:\/\/www.instagram.com\/proaudioecuador"],"telephone":"0964033033"}]}},"_links":{"self":[{"href":"https:\/\/proaudio.ec\/index.php\/wp-json\/wp\/v2\/pages\/2085","targetHints":{"allow":["GET"]}}],"collection":[{"href":"https:\/\/proaudio.ec\/index.php\/wp-json\/wp\/v2\/pages"}],"about":[{"href":"https:\/\/proaudio.ec\/index.php\/wp-json\/wp\/v2\/types\/page"}],"author":[{"embeddable":true,"href":"https:\/\/proaudio.ec\/index.php\/wp-json\/wp\/v2\/users\/3"}],"replies":[{"embeddable":true,"href":"https:\/\/proaudio.ec\/index.php\/wp-json\/wp\/v2\/comments?post=2085"}],"version-history":[{"count":14,"href":"https:\/\/proaudio.ec\/index.php\/wp-json\/wp\/v2\/pages\/2085\/revisions"}],"predecessor-version":[{"id":2588,"href":"https:\/\/proaudio.ec\/index.php\/wp-json\/wp\/v2\/pages\/2085\/revisions\/2588"}],"wp:attachment":[{"href":"https:\/\/proaudio.ec\/index.php\/wp-json\/wp\/v2\/media?parent=2085"}],"curies":[{"name":"wp","href":"https:\/\/api.w.org\/{rel}","templated":true}]}}